3 - 69 + 17*o + 16*o**2 + 75 - o**2. Let a be h(14). Calculate the highest common factor of f and a.
40
Suppose 15 - 3 = o + 4*b, -o + 4*b + 36 = 0. Suppose 79*d - 78*d = 30. Calculate the highest common factor of d and o.
6
Suppose -4*y - 3*s + 4572 + 1063 = 0, -2*y - 5*s + 2807 = 0. What is the greatest common factor of 249 and y?
83
Suppose -2*t + 7*t + 4*c - 14 = 0, 5 = 5*t - 5*c. Let w(q) = q - 1 + 4*q + 7*q + 5*q**t - 13*q. Let o be w(-1). What is the highest common factor of 45 and o?
5
Suppose -5*t = 3*a - 27065 - 30553, -4*t + 5*a = -46161. What is the highest common factor of 189 and t?
189
Let p = 81 - 18. Suppose -16*a = -58*a + 1159 + 353. Calculate the highest common factor of p and a.
9
Suppose -2*u = 5*y - 412 + 11, -4*u = -2*y + 170. Suppose -15*t - y = -18*t. Calculate the highest common factor of 99 and t.
9
Let w be (10/(-4) + (-517)/(-66))*3. Let x(f) = 160*f**3 + 5*f**2 - 3*f + 2. Let b be x(2). Calculate the highest common factor of w and b.
16
Let i be 8/12*570/20. Calculate the greatest common factor of 4028 and i.
19
Suppose 431110 - 71326 = 72*n. What is the highest common factor of 19 and n?
19
Let d be (-1)/(-4)*50388/390 + 21/(-70). Let x be 32/(-3)*(5 - 8). What is the greatest common divisor of d and x?
32
Suppose 347*d - 76081 - 39053 = -8952. Calculate the greatest common factor of d and 10251.
153
Let g(y) = 102*y + 8. Suppose 0 = -4*n - 2*k, n + 2*k = 5*n - 8. Let o be g(n). Let j be 2 + -1 - (-18)/2. What is the highest common factor of o and j?
10
Let z be (-6)/2 - (3 + 2). Suppose 3 = -p - c + 17, 4*p = 5*c + 47. Let k = p + z. Calculate the highest common divisor of 50 and k.
5
Suppose -2*h - 98 + 106 = 0. Suppose -4*f + 214 = h*o - 246, 2*f = -3*o + 233. What is the greatest common divisor of 14 and f?
14
Let k = 50 - 23. Let w(d) = -12 - 16 - 2 + 1 - k*d. Let g be w(-8). What is the highest common divisor of g and 11?
11
Let i(w) = 8*w - 3*w - 292 + 290. Let o be i(1). Calculate the highest common divisor of o and 1.
1
Let o = 44 - 8. Suppose 0 = 38*m - o*m - 24. Let n(l) = -2*l + 28. Let z be n(m). What is the highest common divisor of z and 12?
4
Suppose w + 146 = 4*g + 11, -5*w = 5*g - 200. Let s = g - -17. What is the highest common divisor of s and 39?
13
Let k(q) = -74*q - 2953. Let z be k(-40). Suppose 3*n + c = 17, -3 - 10 = -2*n - c. Calculate the highest common factor of z and n.
1
Suppose 0 = -r - 336 + 337, -2*i - r = -9457. Calculate the greatest common factor of 6 and i.
6
Let a = 17706 + -15502. Calculate the greatest common divisor of a and 232.
116
Suppose 109*t - 73220 = -26459. Let o(i) = -2*i**3 - 5*i**2 + 4*i + 7. Let n be o(-4). What is the greatest common factor of t and n?
39
Suppose 91*t - 87*t = 8. Let b be ((-756)/(-210))/(t/30). Let d(v) = 3*v**2 + 9*v - 3. Let s be d(-7). What is the greatest common divisor of b and s?
27
Let a = 40267 + -40117. Calculate the highest common divisor of a and 700.
50
Suppose 4*c = -3*i + 75, i - 75 = -2*i - 2*c. Suppose -4*n - i - 87 = 0. Let m be n/42 + ((-287)/(-3))/1. Calculate the greatest common factor of m and 38.
19
Suppose 5*p = -2*x + 25984, -13*p - 10381 = -15*p - 5*x. Calculate the highest common factor of p and 69.
23
Suppose 0 = -5*v + j + 3681, -446*v + 741 = -445*v + j. Let i be 4 - 0/3 - -130. What is the greatest common factor of v and i?
67
Let b = 110 - 85. Suppose -2*o - b = 3*t, -2 = o + t - 3*t. Let m be 16/o + (-5)/(-1). Calculate the highest common factor of 33 and m.
3
Let f = -5662 - -10160. Calculate the greatest common factor of 26 and f.
26
Let q(t) = -4*t**2 - 3*t**2 + 4*t**2 - 23 - 13*t + 4*t**2. Let m be q(15). Let o be 2*m*((-49)/(-14) + -3). What is the highest common divisor of 49 and o?
7
Suppose 3*k = -48*f + 52*f - 19, f = -k + 3. Calculate the greatest common divisor of 16 and f.
4
Suppose -6*y + 308 + 303 = 251. What is the highest common factor of y and 4965?
15
Let d = -22 - -43. Let i be 30 + -9 + (-4 - -4). What is the greatest common factor of i and d?
21
Let t = 209 - 129. Suppose 0 = -5*z - 4*l + t, 2*z - l - 26 = -7. Calculate the highest common factor of 96 and z.
12
Let s(j) = -9*j - 31. Let a be s(-4). What is the greatest common factor of 3 and a?
1
Suppose -4*m + 17714 = -f, 13294 = 3*m + 258*f - 263*f. What is the highest common factor of 108 and m?
108
Let t be 46/115 + (-2)/5. Suppose t = -6*w + 216 + 144. Suppose -2*s = -12*s + w. Calculate the highest common divisor of 3 and s.
3
Let f(i) = 81*i**2 - 50*i - 28. Let x be f(7). Calculate the highest common factor of 133 and x.
133
Let x be (-20)/3*(-48)/5. Let z(j) = -14*j**2 - 440*j - 560. Let a be z(-30). What is the highest common factor of a and x?
8
Suppose -25 - 29 = -27*m. Suppose 366 = 2*d - 4*y, -m*d - 2*y - 939 = -7*d. What is the greatest common factor of 54 and d?
27
Let c = -95 + 98. Suppose c = 7*r - 6*r. Let t be 9*((-1 - r) + 11). Calculate the greatest common factor of t and 7.
7
Let n(c) = 8*c + 6. Let w(x) = 17*x + 14. Let t(h) = -5*n(h) + 3*w(h). Let p be t(-1). Calculate the greatest common factor of p and 3.
1
Suppose 9*d = -4*d. Let f be 24/18*210/1. Suppose 5*x - f = -d*x. What is the highest common divisor of 7 and x?
7
Let z(b) = 4 + 1 + 1 + 9 - 4*b. Let t be z(5). Let n be (16 - 71)*(t - 1). Calculate the highest common factor of 30 and n.
30
Let v be -5 + (2 - 3)/((-6)/2436). Let f = v + -340. What is the highest common divisor of f and 305?
61
Suppose -6*t = 79*t - 21*t - 6400. What is the greatest common factor of t and 1420?
20
Let m be -1*((-4)/(-4) - 3). Suppose 5*r + 15 = 0, m*d - 3*d = -4*r - 83. Suppose 5*k = 34 + d. What is the highest common divisor of 3 and k?
3
Let u(y) be the second derivative of -2*y**2 + 0*y**3 + 0 + 1/6*y**4 - 7*y. Let o be u(-2). What is the greatest common factor of 28 and o?
4
Let k be ((-4)/(-6))/(-1*2/(-45)). Let n be 55*((-4)/(-50))/((-3)/k). Let t be (5 + (-315)/14)/(1/n). Calculate the greatest common factor of t and 35.
35
Let t be 9/(-24) - 3/(-6)*1048/32. What is the highest common divisor of 536 and t?
8
Suppose -3*g = -147 - 132. Suppose z - 3*d - 21 = 0, g = 6*z - 2*z - 3*d. Let s be ((-4)/(-12))/((-4)/(-144)). What is the greatest common divisor of s and z?
12
Suppose 6*q - 801 = -5*x + 3575, 0 = q + 3*x - 738. What is the greatest common factor of q and 6?
6
Let j(z) = -6*z**2 - z - 32. Let b be j(-6). Let c = b - -315. What is the highest common factor of 146 and c?
73
Let i be 1608/288*16 - (-2)/6*2. Let l = -16 - -26. Calculate the highest common factor of i and l.
10
Let d be 2703/(-21) - 2/7. Let a = 228 + d. Suppose -5*l - 28 = -s + 3, -4*s - 2*l + 36 = 0. What is the greatest common factor of s and a?
11
Let l(s) = 3482*s**2 + 3*s - 32. Let w be l(2). Calculate the greatest common divisor of w and 14.
14
Suppose -3*v - 4*m + 31 = 0, -4*v + 0*v = m - 24. Let f(s) = 2*s**3 + 3*s**2 - 5*s + 50. Let x be f(v). What is the highest common factor of x and 28?
14
Suppose 4*c - 157 = -f + 5*c, 3*f + 3*c - 459 = 0. Suppose -5*a + d + 1550 - 312 = 0, d - 2 = 0. Calculate the greatest common factor of a and f.
31
Suppose -39*a + 76*a - 280 = 32*a. Calculate the highest common divisor of a and 623.
7
Let l = 15 + -10. Let v = 541 + -525. Let m = v + l. Calculate the highest common factor of 189 and m.
21
Suppose b - 6*b + 27 = -3*h, 4*b = 5*h + 32. Suppose 3*x + 23 = 176. What is the greatest common divisor of b and x?
3
Let a = -320 - -325. Let i be (a/5)/(4/168). What is the highest common factor of 14 and i?
14
Suppose -2*s = 3*u - 400, -2*s - s + 615 = -3*u. Let d = s - 163. Calculate the greatest common divisor of d and 15.
5
Let w(v) = 2*v**3 - 7*v**2 - 41*v - 1. Let k be w(7). Calculate the greatest common factor of k and 2035.
55
Suppose -120*l + 44*l + 3511 = -8573. What is the highest common factor of l and 6943?
53
Suppose -13 = -i - 3*a, -2*i = 2*a + 1 - 15. Suppose 0 = -4*l + 3*s - 5 + 89, 32 = 2*l - i*s. Calculate the highest common factor of 156 and l.
12
Let i be 4*((-2)/16)/((-4)/296). Suppose 1037 = 14*d - 5697. What is the greatest common factor of d and i?
37
Let n(v) = 8*v**2 + 189*v - 1473. Let m be n(8). What is the greatest common factor of m and 57?
19
Let m = -11067 + 11364. What is the greatest common factor of 528 and m?
33
Let x(w) = 